p - 8 + 0 = 0. Is ((-22)/4)/(c/p) a prime number?
True
Let y = -231 + 392. Let h = y - 115. Is h a composite number?
True
Let d be ((-6)/4)/(3/(-8)). Is (d + -5)/((-2)/38) a prime number?
True
Let s(r) = 8*r**2. Let l(y) = -8*y**2 + y + 1. Let h(t) = 5*l(t) + 6*s(t). Is h(-4) a composite number?
False
Is ((-11)/2)/(3/(-282)) prime?
False
Let u(i) = -2*i - 2. Let q be u(-3). Suppose q*d - d = 909. Is d a composite number?
True
Let x = -5 + 6. Is x/((-2)/(-2*91)) a prime number?
False
Suppose -1486 = 10*y - 12*y. Is y a prime number?
True
Suppose -2*h = -3*u - 980, 2*h - 1872 = 5*u - 240. Let f = u + 723. Is f a prime number?
True
Let u(p) = p**2 - 7*p + 2. Let h be u(7). Let j(o) = -2*o - 4. Let q(x) = -7*x - 11. Let b(v) = 8*j(v) - 3*q(v). Is b(h) a composite number?
False
Let p(f) = 63*f**2 - 2*f - 9. Is p(4) prime?
True
Suppose -2*c + 88 = 5*n, -2*n + 31 + 14 = c. Is c a prime number?
False
Let p be (2 + (-4)/2)/2. Is 14 - p - (-1 - -4) composite?
False
Let d(y) be the second derivative of y**3/6 + 65*y**2/2 - 3*y. Is d(0) prime?
False
Let g(j) = 2*j**2 + 2*j. Let n be g(6). Let b = n + -47. Is b composite?
False
Let d(p) = p**2 - p + 3. Is d(14) a composite number?
True
Suppose 5*c - 12 = 8. Suppose 0 = -c*o - 24 + 64. Is o a prime number?
False
Let q = 888 + -469. Is q a prime number?
True
Let z(j) = 5*j**3 - 6*j**2 + 10*j + 2. Is z(5) a composite number?
True
Let t(h) = 11*h**3 - h**2 - h + 1. Let j be t(1). Let v = -15 + j. Is (-2)/2 - 300/v a composite number?
False
Is 279 - (-4 + (-20)/(-4)) prime?
False
Let h(w) = -59*w - 5. Is h(-2) prime?
True
Let u(y) = -y + 12. Let s be u(7). Suppose -s*f = -197 - 68. Is f a composite number?
False
Let k = -303 - -515. Suppose 0 = -4*y - 2*n + k, 5*n - n = 0. Is y a composite number?
False
Suppose z - 18 - 4 = -5*o, 5*o = -3*z + 56. Let l = 4 + z. Is l a prime number?
False
Let v(n) = -60*n. Let u be v(1). Let r be (136/(-24))/(2/u). Suppose r = 6*t - 4*t. Is t a prime number?
False
Suppose -4*s - f = -209, 2*s - 2*f - 2*f = 82. Is s a composite number?
True
Let o(u) = u + 0*u + 5*u**3 + 8 - 7 + 0*u**3 - 3*u**2. Is o(2) prime?
True
Let g(j) = 2*j + 18. Let c be g(-9). Suppose c = y - 301 + 100. Is y composite?
True
Let z = 13 - 8. Suppose 608 = 2*g - 2*i, 3*i - z*i + 596 = 2*g. Is g composite?
True
Suppose -34 = -2*d - 0*d. Is (-33)/6*(3 - d) a prime number?
False
Suppose -5*v + g = 3*g - 853, 0 = 3*g + 3. Suppose -q + v = 2*q. Is q a composite number?
True
Let i = -107 - -183. Suppose 17 = 4*v + v - q, -5*v - 3*q + 9 = 0. Suppose -v*b - b + i = 0. Is b composite?
False
Let h = 665 - 462. Is h a prime number?
False
Suppose -c = f - 92, -3*c + 442 = 2*c - f. Is c composite?
False
Is 154*((-6)/(-4))/3 prime?
False
Suppose -t = -5 - 32. Is t composite?
False
Suppose -3*l - 96 = -3*i, i - 69 = -i + l. Let b = i + 19. Let h = 141 - b. Is h a prime number?
False
Let t = -5 + 7. Let c = t - -1. Let x(j) = j**3 - j**2 - j. Is x(c) a prime number?
False
Is 635*3/((-9)/(-3)) a composite number?
True
Suppose 4*r + 3*s - 6 = 5*s, 4*r - 5*s = -3. Suppose -4*u = -r*u + 22. Let b = u + 41. Is b composite?
False
Let y = 5 + -3. Let t(f) = 1 - 9*f**y + 9*f**2 - 2*f + 20*f**2. Is t(1) composite?
False
Suppose 4*s - 1268 = 288. Is s prime?
True
Let s(t) = t**2 - 2*t + 0*t**3 + 5*t**3 + 1 + 0 + 2*t**3. Is s(1) a prime number?
True
Let o be (-2)/((-3)/3)*-1. Let l = 5 - o. Is l prime?
True
Suppose 0 = 2*v - 0*v - 90. Suppose 2*u + 3*x - v = -u, 0 = -4*x + 4. Let g = 25 - u. Is g a composite number?
False
Suppose -1028 = -b + 3*b. Is (b/(-8))/(7/28) composite?
False
Let j be (5/(-4))/((-3)/12). Suppose j*r - 120 = r. Suppose -2*y - 3*y = -r. Is y composite?
True
Suppose -380 = -8*l + 4*l. Is l composite?
True
Let r(j) be the second derivative of j**5/20 + 5*j**4/6 - 2*j**3 + j**2 + 4*j. Is r(-11) a composite number?
False
Suppose -5*u + 5231 = 476. Is u a prime number?
False
Suppose 0 = -3*o + 2*o + 3*d - 11, 5*d - 25 = 0. Suppose -o*a + 2*a + 742 = 0. Is a composite?
True
Let i = -1330 + 2883. Is i composite?
False
Let o(h) = 28*h + 3. Suppose -2*s - 3*s + 25 = 0. Let c be o(s). Is c/(-11)*1*-1 composite?
False
Let g(l) = l. Let k be g(0). Suppose 4*d + 145 - 349 = k. Is d a prime number?
False
Suppose -987 = -5*w - 4*k, 2*w - k - 3*k = 406. Is w prime?
True
Let p(f) = -f**3 - 8*f**2 + 10*f + 9. Let d be p(-9). Suppose d = -3*o - 2*l + 11, -5*l - 33 = -4*o - 4*l. Is o composite?
False
Suppose -4*j = -292 + 24. Is j prime?
True
Suppose 12*p = 59 + 3625. Is p composite?
False
Suppose 5*d - 2 = -2*l - 0, l + 8 = 2*d. Suppose -85 = -y + d*a, 95 = 2*y - y + 3*a. Is y a composite number?
False
Suppose -b = 2*b - 18. Is 1*65 - b/(-3) composite?
False
Let x(i) = -2*i - 8 - 4 + 15*i**2 + 13. Is x(2) a prime number?
False
Suppose 57 = 13*x - 10*x. Is x composite?
False
Let o(q) = -47*q + 4. Suppose 3*j - 2*k + 19 = 0, -5*j - 17 = -k + 3. Is o(j) a prime number?
False
Suppose -4*v - 2*p + 17 = -v, -v = -3*p - 24. Let a be -2 + v + 1 + -2. Is (a/2 - 0) + 56 composite?
False
Let p be 3/3 + -3 + 5. Let z(m) = 2*m**3 - 2*m**2 + 2*m - 3. Is z(p) a composite number?
True
Suppose 0 = -6*g + 3*g. Suppose g = 5*u - 4*u + 4*y - 347, -4*y - 12 = 0. Is u prime?
True
Let b = 87 + -29. Is b composite?
True
Let k(v) be the third derivative of 1/8*v**4 + 1/120*v**6 + 1/6*v**3 - 1/10*v**5 + 3*v**2 + 0*v + 0. Is k(6) composite?
False
Let h(m) = m - 2. Let b be h(2). Suppose b*j - 160 = -4*j - 4*x, 2*x - 215 = -5*j. Suppose n = -10 + j. Is n a composite number?
True
Is ((-6)/(-24))/((-2)/(-6296)) composite?
False
Let g(a) = -5*a + 6. Let f(l) = -4*l + 5. Let r(t) = -6*f(t) + 5*g(t). Let m be r(0). Is (-330)/(-5) + (m - 1) a composite number?
True
Suppose 4*h + 2*y - 4398 = 0, 3*y = 3*h - 1744 - 1568. Is h a prime number?
False
Suppose o + 1380 = 4*o. Suppose l = 3*n - 398 + 53, -o = -4*n + 2*l. Is n a prime number?
False
Suppose 0 = h - 0 + 3. Let j = -1 + h. Is (-82)/(-8) - (-1)/j a prime number?
False
Let p(z) = 14*z**2 + 8*z - 5. Is p(8) prime?
False
Let x be (4/6)/(4/18). Suppose 2*z - 4*h - 109 = 5, 4*z - x*h - 253 = 0. Is z prime?
True
Let d = 71 - 24. Is d composite?
False
Let u = -184 - -657. Is u a composite number?
True
Suppose -4*w = 20, 3*w = -3*q + 5*w + 1156. Is q a composite number?
True
Let z(q) = 5*q**2 + 3*q + 4. Let v be z(4). Let t be (440/(-12))/(4/(-18)). Let y = t - v. Is y a composite number?
True
Suppose 172 = 4*a - 2*a. Suppose q - 4 = -3*q, 0 = i + 3*q - a. Is i a composite number?
False
Let g = 4 + -2. Let z be 0 - (-1 + (-1 - 182)). Suppose -v + z = 5*w, 0 = 4*w - v - g*v - 151. Is w a composite number?
False
Suppose -2*r + 4*o - 1 = 3*o, 24 = 2*r + 4*o. Suppose -3*f - 2*g + 1929 = 0, r*f - g = 69 + 1210. Is f prime?
True
Is ((-2)/6 - 176/3)/(-1) prime?
True
Suppose 5 = -2*r - 3*r. Let u be 0/(2 - r) + 4. Suppose u*m = -5*b + 75, -2*b + 60 = 2*b + 2*m. Is b composite?
True
Let v be (-24)/(-20) + (-2)/10. Let b = v + 36. Is b a prime number?
True
Suppose 0 = 5*k + 20, 0 = 4*j + 5*k + 26 - 254. Let a = j - -71. Is a composite?
True
Let c = -1 + 5. Is 42/c*(5 - 3) a prime number?
False
Suppose -2*d + 50 = -0*d. Suppose 0*n + d = 5*n. Suppose 141 + 204 = n*x. Is x a prime number?
False
Let n(w) = -2*w - 10. Is n(-6) a prime number?
True
Suppose -4*o + 3*b + 92 = 0, -4*o + 27 = 3*b - 41. Suppose -4*r = 2*k - 4 + 16, 4*k - 3*r = o. Suppose -u - 7 = -2*u + 2*f, -2*u + 14 = -k*f. Is u composite?
False
Let r = -45 + 1. Let f = r + 123. Is f prime?
True
Suppose 2*f + 31 = 123. Is f a composite number?
True
Let v = 9 + -9. Suppose -12 = -v*p - 4*p. Suppose p*q = 395 + 256. Is q a composite number?
True
Suppose 0*i - 3*i = -f - 357, 2*i = -5*f + 238. Is i a composite number?
True
Let r(i) = 3*i**3 + 2*i**2 - 2*i - 9. Let o(l) = -2*l**3 - 2*l**2 + 2*l + 8. Let w(s) = 6*o(s) + 5*r(s). Let b be w(3). Let d = b + 13. Is d prime?
False
Suppose 0 = -4*b + 3*b + 201. Is b a prime number?
False
Let x(w) = w**2 - 5*w + 2. Let l be x(3). Is 3 + l + 73*3 a prime number?
False
Let f(i) = -2*i + 8. Suppose -5*l = q + 25, 2 = -2*l + 4*q - 6*q. Let x be f(l). Let k = x + -14. Is k composite?
True
Let v(z) = 29*z + 2. Is v(1) a composite number?
False
Let d(z) = 6*z**2 - 2*z + 1. Let j be d(1). Is 183/5 - (-2)/j composite?
False
Let p = -9 +